 factor of 25883722 and 62911?
1187
What is the highest common divisor of 11167121 and 322?
161
What is the greatest common divisor of 38 and 71945077?
19
What is the greatest common divisor of 1549437 and 42303?
717
Calculate the greatest common divisor of 252 and 16955372.
28
What is the greatest common divisor of 4132 and 83732914?
2066
Calculate the highest common divisor of 558434 and 21824.
62
Calculate the greatest common divisor of 1222722 and 1836.
54
What is the greatest common factor of 43153 and 212729?
11
What is the highest common divisor of 1748 and 115027324?
92
What is the greatest common factor of 1428 and 28505379?
357
What is the greatest common factor of 47333357 and 284?
71
Calculate the highest common factor of 1995 and 142232385.
285
What is the greatest common divisor of 13095 and 29379360?
1455
Calculate the highest common factor of 12648255 and 9435.
255
What is the highest common factor of 132995 and 42545?
335
Calculate the highest common factor of 155584 and 17578.
374
What is the greatest common factor of 281125 and 679250?
1625
What is the highest common factor of 164432 and 5719?
43
Calculate the highest common divisor of 11760463 and 627.
11
Calculate the highest common factor of 1107077 and 888.
37
Calculate the greatest common divisor of 1384 and 3951147.
173
Calculate the greatest common factor of 50715 and 6043905.
2205
Calculate the highest common divisor of 848334 and 5508.
102
Calculate the highest common divisor of 265627 and 92161.
23
What is the highest common factor of 1820864 and 1840?
368
What is the highest common factor of 1143590 and 2720?
170
Calculate the highest common divisor of 6115 and 124199319.
1223
What is the greatest common factor of 953392226 and 174?
58
What is the greatest common divisor of 1345876 and 28?
28
What is the greatest common divisor of 6333096 and 588?
84
Calculate the greatest common factor of 3882657 and 5727.
249
What is the greatest common divisor of 772304 and 29939?
611
Calculate the highest common divisor of 10015945 and 2864.
179
Calculate the highest common divisor of 39 and 12968176.
13
What is the greatest common factor of 4168 and 56260706?
1042
What is the highest common factor of 80238 and 682668?
258
What is the highest common factor of 3571560 and 99765?
135
Calculate the greatest common factor of 65 and 39804739.
13
What is the highest common factor of 42757 and 2667379?
3289
Calculate the highest common divisor of 2605936 and 268832.
4336
Calculate the greatest common divisor of 37375008 and 704.
352
What is the greatest common divisor of 1081960 and 12881?
11
What is the greatest common factor of 1468305453 and 34?
17
Calculate the greatest common divisor of 16212 and 15603.
21
Calculate the highest common factor of 378 and 21374199.
189
What is the greatest common factor of 4192599590 and 590?
590
Calculate the greatest common divisor of 8096437 and 527.
17
What is the highest common divisor of 4381712 and 144?
16
Calculate the greatest common factor of 2121 and 14518043.
101
Calculate the greatest common divisor of 19392 and 7175444.
404
Calculate the highest common divisor of 360017216 and 832.
832
Calculate the greatest common divisor of 150915 and 59010.
15
Calculate the highest common factor of 1650 and 11079050.
50
Calculate the greatest common factor of 16609612 and 564.
188
What is the highest common factor of 5632 and 604714?
22
What is the greatest common factor of 17625 and 16901529?
141
What is the greatest common divisor of 33920 and 6465920?
640
Calculate the highest common factor of 11905 and 1761904285.
11905
What is the greatest common factor of 1195432 and 1428?
28
Calculate the greatest common factor of 817834 and 2944.
46
What is the greatest common factor of 63648912 and 782?
46
What is the greatest common factor of 658 and 2114784?
14
What is the highest common factor of 270 and 62903394?
18
Calculate the greatest common divisor of 85824 and 2795904.
576
What is the highest common divisor of 119988 and 1483812?
1188
What is the highest common divisor of 142 and 436081574?
142
What is the greatest common divisor of 1546 and 231290876?
1546
What is the highest common divisor of 5703184 and 328?
8
Calculate the highest common divisor of 311231 and 6478.
41
Calculate the highest common divisor of 818288380 and 1820.
1820
What is the greatest common factor of 19536 and 5592?
24
Calculate the greatest common divisor of 15 and 959601.
3
Calculate the greatest common divisor of 29346863 and 4017.
1339
What is the highest common factor of 304524 and 40491?
99
What is the greatest common factor of 68728 and 16322119?
781
What is the highest common divisor of 76 and 7865736?
4
Calculate the greatest common divisor of 18760162 and 628907.
13381
What is the highest common divisor of 5050 and 5903854?
202
What is the greatest common divisor of 297 and 5285277?
27
What is the greatest common divisor of 160 and 198368?
32
Calculate the highest common factor of 696636 and 26365476.
6276
Calculate the highest common divisor of 1919 and 1355521.
101
Calculate the greatest common divisor of 62186821 and 97392.
2029
What is the highest common factor of 5028002 and 14?
14
What is the greatest common factor of 314472 and 84?
12
Calculate the highest common divisor of 663 and 1439841.
39
Calculate the greatest common divisor of 1001 and 143195.
13
Calculate the highest common divisor of 418 and 143840906.
418
Calculate the highest common factor of 229487400 and 1800.
1800
Calculate the highest common factor of 3640 and 452621260.
1820
Calculate the highest common divisor of 77679420 and 7380.
2460
What is the greatest common divisor of 10016 and 1320544?
32
What is the highest common divisor of 17251887 and 1781772?
12039
What is the greatest common divisor of 5790 and 1345403?
193
Calculate the greatest common factor of 35739 and 15390.
171
Calculate the highest common divisor of 5760 and 6462000.
720
Calculate the greatest common factor of 559075269 and 402.
201
Calculate the highest common divisor of 161168270 and 70.
10
What is the highest common divisor of 1771281 and 433211?
289
What is the highest common factor of 6300480 and 152?
8
Calculate the highest common factor of 39278 and 4414464.
958
What is the greatest common divisor of 66875736 and 6392?
376
What is the highest common divisor of 40506 and 5137812?
258
What is the highest common factor of 11496576 and 11466?
3822
What is the greatest common divisor of 990 and 2993518?
22
Calculate the greatest common factor of 1672288 and 1024.
32
What is the greatest common divisor of 19773 and 3087?
9
Calculate the highest common divisor of 895770 and 5735.
185
What is the greatest common factor of 33577 and 4?
1
Calculate the greatest common divisor of 1854543 and 873.
291
What is the greatest common divisor of 70278599 and 5128?
641
Calculate the greatest common divisor of 5304235 and 1646.
823
What is the greatest common factor of 38396 and 67773?
29
Calculate the greatest common factor of 3213 and 168878.
17
Calculate the highest common divisor of 168144 and 74772.
372
What is the greatest common divisor of 1144899 and 5712?
357
Calculate the greatest common divisor of 85262008 and 26.
26
Calculate the greatest common divisor of 3144356 and 175244.
772
Calculate the highest common factor of 222277140 and 420.
60
What is the greatest common divisor of 192 and 12577632?
96
Calculate the highest common factor of 10906 and 36568.
14
What is the highest common divisor of 17972131 and 460?
23
What is the greatest common factor of 1994400 and 5088?
96
What is the highest common divisor of 160095 and 257205?
195
What is the highest common divisor of 79175344 and 176?
16
Calculate the greatest common divisor of 27246 and 6887502.
1434
What is the highest common factor of 12361884 and 192?
12
Calculate the highest common factor of 94932717 and 9186.
4593
Calculate the highest common divisor of 874 and 7991419.
437
What is the greatest common factor of 3558180 and 13485?
465
What is the highest common divisor of 6527952 and 5152?
368
Calculate the highest common factor of 80045 and 116637.
2287
What is the greatest common divisor of 960 and 2061760?
320
What is the greatest common divisor of 4058258